 thousands digit of 94018201?
1
What is the thousands digit of 2422670874?
0
What is the ten millions digit of 313835199?
1
What is the hundred thousands digit of 885919240?
9
What is the tens digit of 114024816?
1
What is the units digit of 1674962255?
5
What is the hundreds digit of 172980457?
4
What is the hundred thousands digit of 523214430?
2
What is the hundred thousands digit of 86555790?
5
What is the tens digit of 146959018?
1
What is the hundreds digit of 30122971?
9
What is the tens digit of 17423521?
2
What is the hundreds digit of 1207801689?
6
What is the ten thousands digit of 21403291?
0
What is the millions digit of 6069040?
6
What is the millions digit of 1146927076?
6
What is the ten thousands digit of 2792028939?
2
What is the units digit of 223445768?
8
What is the ten millions digit of 642452797?
4
What is the hundred thousands digit of 27698869?
6
What is the units digit of 686245517?
7
What is the hundred millions digit of 916397923?
9
What is the hundred thousands digit of 8637218297?
2
What is the ten millions digit of 849169093?
4
What is the tens digit of 957646052?
5
What is the hundreds digit of 584112788?
7
What is the millions digit of 1363686592?
3
What is the hundred thousands digit of 176609969?
6
What is the hundred thousands digit of 126909599?
9
What is the thousands digit of 131468772?
8
What is the thousands digit of 916974829?
4
What is the tens digit of 118481790?
9
What is the hundred millions digit of 1553793459?
5
What is the tens digit of 152276369?
6
What is the thousands digit of 74010982?
0
What is the tens digit of 243668123?
2
What is the ten thousands digit of 674842154?
4
What is the ten millions digit of 132615341?
3
What is the hundreds digit of 12410375?
3
What is the hundreds digit of 671758187?
1
What is the hundred millions digit of 735509473?
7
What is the ten millions digit of 722695697?
2
What is the ten millions digit of 13182578?
1
What is the hundreds digit of 141611050?
0
What is the hundreds digit of 26091776?
7
What is the units digit of 2253393244?
4
What is the units digit of 2146546774?
4
What is the ten thousands digit of 24734954?
3
What is the ten millions digit of 152923305?
5
What is the thousands digit of 148098431?
8
What is the hundred millions digit of 2583777831?
5
What is the thousands digit of 4462383417?
3
What is the hundred thousands digit of 29503394?
5
What is the thousands digit of 1369717713?
7
What is the ten millions digit of 227881754?
2
What is the ten millions digit of 114387587?
1
What is the billions digit of 1134164530?
1
What is the ten thousands digit of 435535767?
3
What is the tens digit of 54497112?
1
What is the ten millions digit of 73386109?
7
What is the tens digit of 297325979?
7
What is the tens digit of 2730925417?
1
What is the hundred thousands digit of 660197626?
1
What is the tens digit of 4427821491?
9
What is the millions digit of 3014839335?
4
What is the ten thousands digit of 46950153?
5
What is the ten thousands digit of 239124926?
2
What is the thousands digit of 386140576?
0
What is the ten thousands digit of 573003?
7
What is the thousands digit of 126009387?
9
What is the millions digit of 39185674?
9
What is the tens digit of 121981684?
8
What is the units digit of 33591056?
6
What is the hundred thousands digit of 901842918?
8
What is the ten millions digit of 38228363?
3
What is the hundreds digit of 9054294?
2
What is the thousands digit of 50515272?
5
What is the millions digit of 72127574?
2
What is the units digit of 292749078?
8
What is the hundreds digit of 73881378?
3
What is the units digit of 483978608?
8
What is the ten thousands digit of 7368556?
6
What is the ten thousands digit of 149414784?
1
What is the hundred thousands digit of 137767388?
7
What is the ten thousands digit of 2695959907?
5
What is the thousands digit of 380622114?
2
What is the thousands digit of 1138109072?
9
What is the hundreds digit of 46702689?
6
What is the ten millions digit of 520060141?
2
What is the hundreds digit of 1947529590?
5
What is the hundreds digit of 120023180?
1
What is the hundreds digit of 206473508?
5
What is the millions digit of 84132484?
4
What is the hundred millions digit of 227810831?
2
What is the millions digit of 1610247758?
0
What is the hundred thousands digit of 54330558?
3
What is the millions digit of 326925114?
6
What is the units digit of 299831761?
1
What is the hundred thousands digit of 43229573?
2
What is the hundred millions digit of 282489286?
2
What is the ten millions digit of 80972898?
8
What is the hundreds digit of 18436471?
4
What is the thousands digit of 11294618?
4
What is the hundred millions digit of 1372873075?
3
What is the hundred thousands digit of 308767292?
7
What is the ten millions digit of 975585461?
7
What is the hundred millions digit of 267251190?
2
What is the thousands digit of 376122072?
2
What is the hundred thousands digit of 507015951?
0
What is the hundreds digit of 663363738?
7
What is the ten thousands digit of 98242347?
4
What is the ten thousands digit of 599803958?
0
What is the hundreds digit of 2156227264?
2
What is the tens digit of 84830471?
7
What is the units digit of 52598848?
8
What is the tens digit of 74441763?
6
What is the ten thousands digit of 60216169?
1
What is the millions digit of 90772460?
0
What is the millions digit of 52291360?
2
What is the ten thousands digit of 365991894?
9
What is the hundred millions digit of 206925051?
2
What is the hundreds digit of 51964798?
7
What is the millions digit of 353092091?
3
What is the hundred millions digit of 339575672?
3
What is the hundreds digit of 895935415?
4
What is the units digit of 7764074559?
9
What is the tens digit of 5107347?
4
What is the ten millions digit of 401217634?
0
What is the hundreds digit of 8616126?
1
What is the ten millions digit of 138419246?
3
What is the tens digit of 11516991?
9
What is the millions digit of 1459001301?
9
What is the millions digit of 180485149?
0
What is the thousands digit of 3520942556?
2
What is the millions digit of 1092073335?
2
What is the hundred thousands digit of 67796264?
7
What is the ten thousands digit of 18831526?
3
What is the ten millions digit of 402308741?
0
What is the units digit of 1880991852?
2
What is the hundreds digit of 322919912?
9
What is the hundred millions digit of 1222645630?
2
What is the millions digit of 248809816?
8
What is the hundred millions digit of 4111938270?
1
What is the ten millions digit of 21354111?
2
What is the tens digit of 54219353?
5
What is the hundred millions digit of 4351500133?
3
What is the hundreds digit of 13645663?
6
What is the units digit of 987599578?
8
What is the ten thousands digit of 104209263?
0
What is the ten millions digit of 1122171935?
2
What is the millions digit of 73191777?
3
What is the hundred thousands digit of 57101463?
1
What is the millions digit of 72870428?
2
What is the hundreds digit of 294909029?
0
What is the hundreds digit of 3874664482?
4
What is the ten thousands digit of 334156907?
5
What is the ten millions digit of 327787494?
2
What is the thousands digit of 259762092?
2
What is the millions digit of 1523313755?
3
What is the units digit of 563686259?
9
What is the thousands digit of 19150098?
0
What is the hundred thousands digit of 158901782?
9
What is the hundred millions digit of 1907445645?
9
What is the ten millions digit of 1178782349?
7
What is the millions digit of 1842448273?
2
What is the hundred thousands digit of 478051373?
0
What is the units digit of 8323168?
8
What is the hundreds digit of 57376082?
0
What is the millions digit of 206113905?
6
What is the hundreds digit of 82986138?
1
What is the hundreds digit of 4712654579?
5
What is the thousands digit of 420872405?
2
What is the millions digit of 3062799325?
2
What is the hundred thousands digit of 80956721?
9
What is the hundreds digit of 28381574?
5
What is the thousands digit of 527644558?
4
What is the ten thousands digit of 1768383256?
8
What is the millions digit of 16858855?
6
What is the ten millions digit of 784661866?
8
What is the tens digit of 36112468?
6
What is the thousands digit of 1675357267?
7
What is the thousands digit of 450570447?
0
What is the ten millions 